[INFO] cloning repository https://github.com/chrisdickinson/compilers-exercises
[INFO] running `Command { std: "git" "-c" "credential.helper=" "-c" "credential.helper=/workspace/cargo-home/bin/git-credential-null" "clone" "--bare" "https://github.com/chrisdickinson/compilers-exercises" "/workspace/cache/git-repos/https%3A%2F%2Fgithub.com%2Fchrisdickinson%2Fcompilers-exercises", kill_on_drop: false }`
[INFO] [stderr] Cloning into bare repository '/workspace/cache/git-repos/https%3A%2F%2Fgithub.com%2Fchrisdickinson%2Fcompilers-exercises'...
[INFO] running `Command { std: "git" "rev-parse" "HEAD", kill_on_drop: false }`
[INFO] [stdout] cc18d51f772c420423ed826ec63f8b91b5edb2c8
[INFO] checking chrisdickinson/compilers-exercises against master#9610dfe5a9a731ced1ea4923ecbd0c57fe367898 for beta-170-4
[INFO] running `Command { std: "git" "clone" "/workspace/cache/git-repos/https%3A%2F%2Fgithub.com%2Fchrisdickinson%2Fcompilers-exercises" "/workspace/builds/worker-3-tc1/source", kill_on_drop: false }`
[INFO] [stderr] Cloning into '/workspace/builds/worker-3-tc1/source'...
[INFO] [stderr] done.
[INFO] validating manifest of git repo https://github.com/chrisdickinson/compilers-exercises on toolchain 9610dfe5a9a731ced1ea4923ecbd0c57fe367898
[INFO] running `Command { std: CARGO_HOME="/workspace/cargo-home" RUSTUP_HOME="/workspace/rustup-home" "/workspace/cargo-home/bin/cargo" "+9610dfe5a9a731ced1ea4923ecbd0c57fe367898" "metadata" "--manifest-path" "Cargo.toml" "--no-deps", kill_on_drop: false }`
[INFO] removed /workspace/builds/worker-3-tc1/source/rust-toolchain
[INFO] started tweaking git repo https://github.com/chrisdickinson/compilers-exercises
[INFO] finished tweaking git repo https://github.com/chrisdickinson/compilers-exercises
[INFO] tweaked toml for git repo https://github.com/chrisdickinson/compilers-exercises written to /workspace/builds/worker-3-tc1/source/Cargo.toml
[INFO] crate git repo https://github.com/chrisdickinson/compilers-exercises already has a lockfile, it will not be regenerated
[INFO] running `Command { std: CARGO_HOME="/workspace/cargo-home" RUSTUP_HOME="/workspace/rustup-home" "/workspace/cargo-home/bin/cargo" "+9610dfe5a9a731ced1ea4923ecbd0c57fe367898" "fetch" "--manifest-path" "Cargo.toml", kill_on_drop: false }`
[INFO] running `Command { std: "docker" "create" "-v" "/var/lib/crater-agent-workspace/builds/worker-3-tc1/target:/opt/rustwide/target:rw,Z" "-v" "/var/lib/crater-agent-workspace/builds/worker-3-tc1/source:/opt/rustwide/workdir:ro,Z" "-v" "/var/lib/crater-agent-workspace/cargo-home:/opt/rustwide/cargo-home:ro,Z" "-v" "/var/lib/crater-agent-workspace/rustup-home:/opt/rustwide/rustup-home:ro,Z" "-e" "SOURCE_DIR=/opt/rustwide/workdir" "-e" "CARGO_TARGET_DIR=/opt/rustwide/target" "-e" "CARGO_HOME=/opt/rustwide/cargo-home" "-e" "RUSTUP_HOME=/opt/rustwide/rustup-home" "-w" "/opt/rustwide/workdir" "-m" "1610612736" "--user" "0:0" "--network" "none" "ghcr.io/rust-lang/crates-build-env/linux@sha256:19e73879b68f455e41552ea35293514db52ea292d993f571636dbffedb77a1ee" "/opt/rustwide/cargo-home/bin/cargo" "+9610dfe5a9a731ced1ea4923ecbd0c57fe367898" "metadata" "--no-deps" "--format-version=1", kill_on_drop: false }`
[INFO] [stdout] a3dad650a70ac8cb3c749cb0a92a79b13220ce5ddc8509428d3106272647aab2
[INFO] running `Command { std: "docker" "start" "-a" "a3dad650a70ac8cb3c749cb0a92a79b13220ce5ddc8509428d3106272647aab2", kill_on_drop: false }`
[INFO] running `Command { std: "docker" "inspect" "a3dad650a70ac8cb3c749cb0a92a79b13220ce5ddc8509428d3106272647aab2", kill_on_drop: false }`
[INFO] running `Command { std: "docker" "rm" "-f" "a3dad650a70ac8cb3c749cb0a92a79b13220ce5ddc8509428d3106272647aab2", kill_on_drop: false }`
[INFO] [stdout] a3dad650a70ac8cb3c749cb0a92a79b13220ce5ddc8509428d3106272647aab2
[INFO] running `Command { std: "docker" "create" "-v" "/var/lib/crater-agent-workspace/builds/worker-3-tc1/target:/opt/rustwide/target:rw,Z" "-v" "/var/lib/crater-agent-workspace/builds/worker-3-tc1/source:/opt/rustwide/workdir:ro,Z" "-v" "/var/lib/crater-agent-workspace/cargo-home:/opt/rustwide/cargo-home:ro,Z" "-v" "/var/lib/crater-agent-workspace/rustup-home:/opt/rustwide/rustup-home:ro,Z" "-e" "SOURCE_DIR=/opt/rustwide/workdir" "-e" "CARGO_TARGET_DIR=/opt/rustwide/target" "-e" "CARGO_INCREMENTAL=0" "-e" "RUST_BACKTRACE=full" "-e" "RUSTFLAGS=--cap-lints=forbid" "-e" "RUSTDOCFLAGS=--cap-lints=forbid" "-e" "CARGO_HOME=/opt/rustwide/cargo-home" "-e" "RUSTUP_HOME=/opt/rustwide/rustup-home" "-w" "/opt/rustwide/workdir" "-m" "1610612736" "--user" "0:0" "--network" "none" "ghcr.io/rust-lang/crates-build-env/linux@sha256:19e73879b68f455e41552ea35293514db52ea292d993f571636dbffedb77a1ee" "/opt/rustwide/cargo-home/bin/cargo" "+9610dfe5a9a731ced1ea4923ecbd0c57fe367898" "check" "--frozen" "--all" "--all-targets" "--message-format=json", kill_on_drop: false }`
[INFO] [stdout] e6db14b3a043da9daf12cb6db3f1706a2f443fc00b49fa3ddc47563f74dc8133
[INFO] running `Command { std: "docker" "start" "-a" "e6db14b3a043da9daf12cb6db3f1706a2f443fc00b49fa3ddc47563f74dc8133", kill_on_drop: false }`
[INFO] [stderr]    Compiling compilers v0.1.0 (/opt/rustwide/workdir)
[INFO] [stdout] error[E0432]: unresolved import `crate::sys::syscall3`
[INFO] [stdout]  --> src/io.rs:1:5
[INFO] [stdout]   |
[INFO] [stdout] 1 | use crate::sys::syscall3;
[INFO] [stdout]   |     ^^^^^^^^^^^^^^^^^^^^ no `syscall3` in `sys`
[INFO] [stdout] 
[INFO] [stdout] 
[INFO] [stdout] error[E0432]: unresolved import `crate::sys::exit`
[INFO] [stdout]   --> src/main.rs:12:5
[INFO] [stdout]    |
[INFO] [stdout] 12 | use crate::sys::exit;
[INFO] [stdout]    |     ^^^^^^^^^^^^^^^^ no `exit` in `sys`
[INFO] [stdout] 
[INFO] [stdout] 
[INFO] [stdout] error[E0432]: unresolved import `crate::sys::syscall3`
[INFO] [stdout]  --> src/io.rs:1:5
[INFO] [stdout]   |
[INFO] [stdout] 1 | use crate::sys::syscall3;
[INFO] [stdout]   |     ^^^^^^^^^^^^^^^^^^^^ no `syscall3` in `sys`
[INFO] [stdout] 
[INFO] [stdout] 
[INFO] [stdout] error[E0432]: unresolved import `crate::sys::exit`
[INFO] [stdout]   --> src/main.rs:12:5
[INFO] [stdout]    |
[INFO] [stdout] 12 | use crate::sys::exit;
[INFO] [stdout]    |     ^^^^^^^^^^^^^^^^ no `exit` in `sys`
[INFO] [stdout] 
[INFO] [stdout] 
[INFO] [stdout] warning: the usage of Script Group `Greek` in this crate consists solely of mixed script confusables
[INFO] [stdout]   --> src/regex.rs:66:4
[INFO] [stdout]    |
[INFO] [stdout] 66 | fn ε_closure<const N: usize>(n: &Nfa<N>) -> Dfa<N> {
[INFO] [stdout]    |    ^^^^^^^^^
[INFO] [stdout]    |
[INFO] [stdout]    = note: the usage includes 'ε' (U+03B5)
[INFO] [stdout]    = note: please recheck to make sure their usages are indeed what you want
[INFO] [stdout]    = note: `#[warn(mixed_script_confusables)]` on by default
[INFO] [stdout] 
[INFO] [stdout] 
[INFO] [stdout] warning: unused import: `crate::io::flush`
[INFO] [stdout]  --> src/sys.rs:3:5
[INFO] [stdout]   |
[INFO] [stdout] 3 | use crate::io::flush;
[INFO] [stdout]   |     ^^^^^^^^^^^^^^^^
[INFO] [stdout]   |
[INFO] [stdout]   = note: `#[warn(unused_imports)]` on by default
[INFO] [stdout] 
[INFO] [stdout] 
[INFO] [stdout] warning: the usage of Script Group `Greek` in this crate consists solely of mixed script confusables
[INFO] [stdout]   --> src/regex.rs:66:4
[INFO] [stdout]    |
[INFO] [stdout] 66 | fn ε_closure<const N: usize>(n: &Nfa<N>) -> Dfa<N> {
[INFO] [stdout]    |    ^^^^^^^^^
[INFO] [stdout]    |
[INFO] [stdout]    = note: the usage includes 'ε' (U+03B5)
[INFO] [stdout]    = note: please recheck to make sure their usages are indeed what you want
[INFO] [stdout]    = note: `#[warn(mixed_script_confusables)]` on by default
[INFO] [stdout] 
[INFO] [stdout] 
[INFO] [stdout] error[E0425]: cannot find function `exit` in this scope
[INFO] [stdout]   --> src/sys.rs:55:5
[INFO] [stdout]    |
[INFO] [stdout] 55 |     exit(1);
[INFO] [stdout]    |     ^^^^ not found in this scope
[INFO] [stdout] 
[INFO] [stdout] 
[INFO] [stdout] error[E0308]: mismatched types
[INFO] [stdout]   --> src/sys.rs:39:50
[INFO] [stdout]    |
[INFO] [stdout] 39 | fn panic(panic_info: &core::panic::PanicInfo) -> ! {
[INFO] [stdout]    |    -----                                         ^ expected `!`, found `()`
[INFO] [stdout]    |    |
[INFO] [stdout]    |    implicitly returns `()` as its body has no tail or `return` expression
[INFO] [stdout]    |
[INFO] [stdout]    = note:   expected type `!`
[INFO] [stdout]            found unit type `()`
[INFO] [stdout] 
[INFO] [stdout] 
[INFO] [stdout] error: aborting due to 4 previous errors; 1 warning emitted
[INFO] [stdout] 
[INFO] [stdout] 
[INFO] [stdout] Some errors have detailed explanations: E0308, E0425, E0432.
[INFO] [stdout] 
[INFO] [stdout] For more information about an error, try `rustc --explain E0308`.
[INFO] [stdout] 
[INFO] [stdout] error: aborting due to 2 previous errors; 2 warnings emitted
[INFO] [stdout] 
[INFO] [stdout] 
[INFO] [stdout] For more information about this error, try `rustc --explain E0432`.
[INFO] [stdout] 
[INFO] [stderr] error: could not compile `compilers` (bin "compilers") due to 5 previous errors; 1 warning emitted
[INFO] [stderr] warning: build failed, waiting for other jobs to finish...
[INFO] [stderr] error: could not compile `compilers` (bin "compilers" test) due to 3 previous errors; 2 warnings emitted
[INFO] running `Command { std: "docker" "inspect" "e6db14b3a043da9daf12cb6db3f1706a2f443fc00b49fa3ddc47563f74dc8133", kill_on_drop: false }`
[INFO] running `Command { std: "docker" "rm" "-f" "e6db14b3a043da9daf12cb6db3f1706a2f443fc00b49fa3ddc47563f74dc8133", kill_on_drop: false }`
[INFO] [stdout] e6db14b3a043da9daf12cb6db3f1706a2f443fc00b49fa3ddc47563f74dc8133
